et k(c) = 134*c**2 - 180*c - 2. Let q(z) = 7*f(z) - 3*k(z). Determine q(1).
67
Suppose 24*r = 29*r - 110. Let p(x) = 2*x**2 - 47*x + 38. Calculate p(r).
-28
Let m(c) = c + 10. Let t be m(-6). Let g(j) = 5*j**3 + 10*j**2 + 4*j - 33. Let d(x) = 11*x**3 + 21*x**2 + 8*x - 71. Let k(v) = -6*d(v) + 13*g(v). What is k(t)?
13
Let b(q) = q - 2. Suppose 0 = 3876*d - 3894*d. Determine b(d).
-2
Let z be -14 - (98/(-28) - (10/4 - 2)). Let o(u) = -3*u - 29. Let k(w) = -2*w - 19. Let d(i) = 8*k(i) - 5*o(i). What is d(z)?
3
Let d(h) = h**3 + 8*h**2 + 28*h + 9. Let u be d(-4). Let x = 38 + u. Let j(c) = -3*c**2 + c - 2*c - 15*c**2. What is j(x)?
-17
Let g be (-45)/(-6) - 2/4. Let w(r) = -18*r**2 + 10 - 15*r**2 + 62*r**2 - 10*r**2 + 5*r - 20*r**2. Give w(g).
-4
Let d(k) = -k**3 + 2*k**2 + k - 4. Suppose -10*y + 12*y - 10 = 0. Suppose -y*o - 45 = u - 6*u, 0 = -5*u + o + 41. Let r be (u/(-6))/2 - 66/(-18). Give d(r).
-10
Let j(d) = -d**2 + 20*d + 65. Suppose 4*y + 7*a - 42 = 0, -2*y + 4*a + 18 = -48. Determine j(y).
44
Let k(v) be the second derivative of -v**4/12 - v**3/3 + 57*v**2/2 - 62*v - 68. Determine k(-9).
-6
Suppose 11*b - 19*b + 96 = 0. Suppose -23*p + b = -26*p. Let m(d) be the second derivative of -d**4/6 - 7*d**3/6 - 5*d**2/2 + d. What is m(p)?
-9
Let a(x) be the third derivative of -x**5/20 + 11*x**4/24 - 1411*x**2. Give a(3).
6
Suppose 50 = 4*k - 5*p, -k + 5*p - 20 = -4*k. Suppose k*i + 21 = 7*i. Let q(b) = b + 13. Calculate q(i).
6
Let o(x) = -57*x - 1. Let j(a) = 561*a + 149. Let i(s) = -j(s) - 9*o(s). Determine i(-3).
4
Let v(t) = -t**3 + 5*t**2 - 56*t + 2. Let p(x) = 4*x**2 - 59*x. Let g(h) = p(h) - v(h). Suppose 0 = -2*i + 3*i. Let w = -2 - i. What is g(w)?
-8
Suppose -3*i = -5*s + 19, -i = 3*s - 0*s - 3. Suppose 2*t + 2 = 6, -s*t - 148 = 4*h. Let l = -43 - h. Let v(z) = 2*z + 7. Give v(l).
-3
Let o = -12 + 26. Let i(a) = a + 3705 - 1859 - 1858. Calculate i(o).
2
Let r(j) = -2*j - 9. Suppose 3*i - 40 = 44. Suppose -4*u = 2*d - 9 - 9, 4*u - 2*d - 30 = 0. Suppose i + 14 = -u*y. Determine r(y).
5
Let g(k) = k**3 - 10*k**2 + 16*k - 9. Let n(t) = -29*t - 224. Let c be n(-8). Give g(c).
-9
Let f(w) = -w. Let q(m) = -m**2 - 13*m + 1. Suppose 8*z + 3*l = 11*z + 15, 4*l - 18 = 2*z. Let u(s) = z*q(s) + 5*f(s). Give u(-7).
-8
Let y(u) = 19*u**2 - 4. Let k(m) = -9*m**2 + 2. Let w(p) = -13*k(p) - 6*y(p). Let j(q) = 2*q**2 + 34*q + 23. Let i be j(-18). Let b = i + -57. Give w(b).
10
Let m(r) = 7*r - 6. Let w(l) = 5*l - 9. Let c(u) = 3*m(u) - 4*w(u). Calculate c(-10).
8
Let s(n) = n**3 + 6*n**2 + 5*n + 2. Let f(k) = -k**2 - 13*k**3 + k + 2 + 0*k + 28*k**3. Let r be f(-1). Let i = 10 + r. Calculate s(i).
2
Let t be (2028/(-21))/(10/(-35)). Let y = t + -348. Let f(a) = a + 11. What is f(y)?
1
Let m(p) = -7*p - 3. Suppose 0 = 2*f - 60 + 64. Calculate m(f).
11
Let q(j) = -j - 1. Let l be (27 - 28)/((-1)/(-1)). Let c(x) = -2*x - 8. Let z(k) = l*c(k) + 4*q(k). Give z(9).
-14
Let i = 8135 - 5667. Let y(p) = 2 + 2468*p - 4932*p + i*p. Determine y(-3).
-10
Let d(m) = -2*m - 1. Let k be (1374/5)/(0 + 30/100). Suppose k = -6*l + 934. Give d(l).
-7
Let p(h) be the first derivative of -h**4/2 - 5*h**3/3 - 3*h**2/2 - h - 3. Suppose -9*f + 6*f = 3, -3*n + 2*f = 394. Let j = -135 - n. Calculate p(j).
17
Let v(c) be the first derivative of -1/3*c**3 - c**2 - 19 + 11*c. Let p(w) be the first derivative of v(w). Give p(-2).
2
Let f(k) = -7*k**3 - 1. Suppose 5*z + 22 = 5*g + z, 2 = z. Suppose 0 = g*t + 2 + 4. Calculate f(t).
6
Let j(h) = h**3 - 12*h**2 + 22*h - 8. Let r(k) = -k**2 - 52*k + 703. Let q be r(-63). Calculate j(q).
12
Suppose 3*x + 22 = 9*k - 7*k, 22 = -4*x - k. Let f(o) = -2*o**2 - 12*o + 7. What is f(x)?
7
Let z(p) = -3*p**2 + 63*p + 24. Let v(d) = -d**2 + 9*d + 1. Let t(f) = 4*v(f) - z(f). Calculate t(-26).
6
Let u(o) be the first derivative of 18*o**2 + 17*o + 6730. Determine u(-2).
-55
Suppose -i + 2*s - 34 = -4*i, -s - 4 = 0. Let c be (-3 - i/(-4))*2*-1. Let h(b) be the first derivative of -b**4 + b**3/3 + 7. Determine h(c).
5
Let z(k) = 4*k - 8. Let g = 2011 - 2003. What is z(g)?
24
Let l(k) = 685 - 1381 + 688 + 3*k**2 + 3*k**2 - k**3 + 2*k**3. Calculate l(-6).
-8
Let i be -5 + 5 + (-7 - -9). Let k(r) = -2 - 5*r + 1 + 0*r - 2*r. What is k(i)?
-15
Let z(k) = -24158*k**2 + 72475*k**2 - 12*k - 24159*k**2 - 24157*k**2 + 11. Let r(n) = -n**2 + 7*n + 8. Let u be r(7). Determine z(u).
-21
Let u be 25/9 - 2/(-9). Let z(q) = 2*q**3 - 4*q**2 - 1 - 2 - u*q**3 + 3*q. Let m be ((-1)/3)/((-2)/(-6))*5. Give z(m).
7
Let h(x) = 4*x - 22. Let a = 2007 - 2002. Calculate h(a).
-2
Let u(j) = 0 + 4 - 3*j + j. Let z(f) = -16*f**3 - 7*f**2 - 6*f + 19. Let t be z(-3). Suppose 0 = 408*s - t*s - 6. Determine u(s).
-2
Let n(b) = -2*b - 1. Let p(q) = 5*q + 4. Let r be (-20)/(-3) - 2/(-6). Let z = -964 + 966. Let o(d) = r*n(d) + z*p(d). What is o(1)?
-3
Let a(s) = 5*s - 15. Let o be a(48). Let h be 405/o*5/3. Let k(b) = b**3 + b**2 - 4*b. What is k(h)?
24
Let c be 106/10 + (-186)/(-465). Let i(x) = -x**3 + 11*x**2 + 2*x - 14. Give i(c).
8
Let l(p) be the second derivative of -p**7/840 + 7*p**6/360 + 7*p**4/24 - p**3/6 + p**2 - 8*p. Let j(n) be the second derivative of l(n). Give j(7).
7
Let y(d) be the first derivative of -60 - 1/2*d**2 + d + 5/3*d**3. Determine y(2).
19
Let s(x) = x**3 - 4*x**2 - 4*x - 7. Suppose -5*p = -12 - 3. Let w be 2*(p + 8*2/(-4)). Let o be ((-4)/8)/((w + 4)/(-20)). Calculate s(o).
-2
Let f = 945 - 951. Let v(a) = -a**2 - 14*a - 44. Determine v(f).
4
Suppose -4*r - 4*q = -8, 3*q - q + 5 = r. Let u(t) = -7*t + 6*t - r*t + 0*t - 3 + 2*t. Suppose 0 = -5*w - 9 - 6. What is u(w)?
3
Let m(g) = -18*g**2 + 2*g + 17. Let i(c) = -54*c**2 + 7*c + 48. Let w(s) = 4*i(s) - 11*m(s). Calculate w(-1).
-19
Let t(o) = -13*o**3 + 9*o**2 - o - 18. Let y(z) = 28*z**3 - 18*z**2 + 2*z + 37. Let h(u) = -13*t(u) - 6*y(u). Determine h(4).
-64
Let u(a) be the second derivative of a**4/12 - 5*a**3/2 + 4875*a. Determine u(15).
0
Let t be (-1 - (-4 + 1))*2. Let n(f) = -1 + 3*f - 7 - t*f - 1. Let i(x) = -2*x**2 - 2*x + 33. Let y be i(4). Calculate n(y).
-2
Let c(z) = 3*z + 1. Let h(q) = 13*q + 5. Let i(s) = 9*c(s) - 2*h(s). Let t = 15 - 20. Determine i(t).
-6
Let j(a) be the second derivative of 0*a**2 + 7/120*a**5 + 0 + 1/12*a**4 + 1/360*a**6 + a + 8/3*a**3. Let d(p) be the second derivative of j(p). Give d(-7).
2
Let g(y) = 8*y**2 + 4*y - 1. Let m(b) be the second derivative of b**4/2 + b**3/2 + 8*b - 3. Let o(a) = -4*g(a) + 5*m(a). Determine o(3).
-17
Let t(d) = -3*d**3 + 58*d**2 - 21*d + 36. Let y(w) = -40*w + 259. Let a be y(6). Calculate t(a).
-2
Let c(a) = -a**2 - 2*a + 4. Suppose p + 8 = 9*p. Let o(n) = 3*n**2 + 3*n - 3. Let k be o(p). What is c(k)?
-11
Let x(k) be the second derivative of -k**7/840 + k**6/45 + k**5/60 - 7*k**4/12 - 17*k**3 + 36*k - 2. Let d(p) be the second derivative of x(p). Determine d(8).
2
Suppose 2*k - 7*k + 15 = 0. Let f(u) = -2*u**2 - 5*u + 28. Let c(m) = -m**2 - 3*m + 15. Let x(h) = -11*c(h) + 6*f(h). Determine x(k).
3
Let x(o) = -o**3 - 6*o**2 - 2*o - 4. Let l(j) = -14*j - 54. Suppose 5*f = -35 + 5. Let m be l(f). Suppose -3*u = 2*u + m. Determine x(u).
8
Let k be (-36)/21 + (-4)/14. Let l(n) be the first derivative of -10*n**3/3 - n + 83576. What is l(k)?
-41
Let a(y) = -13*y + 9. Let i(k) = 6*k - 4. Let d(f) = 2*a(f) + 5*i(f). Let w = -38 + 42. Calculate d(w).
14
Let c(k) = -k**3 - k. Suppose 31*x = 30*x + 5. Suppose -10 = -x*b, 6 = -2*h + 4*b - 10. Let m be h/(-5) - 24/30. Determine c(m).
0
Let t(b) = -2*b + 3. Let p = -408 - -558. Suppose -11*n + p = 106. Give t(n).
-5
Let m(b) = 17*b**2 - 3*b + 2. Suppose -v = -4*i - 235 + 244, 4*v = -2*i - 18. Give m(i).
16
Let q(k) = -3*k - 16. Let f(z) = -z + 6. Let s be f(-6). Suppose -8*i - 28 = -s*i. Let p(c) = c + 5. Let u(o) = i*p(o) + 2*q(o). Calculate u(0).
3
Suppose -3*f = 2*g + 20 + 17, -5*g - 65 = 5*f. Let u(i) = i + 1704*i**3 - 27*i**2 + 38*i**2 + 16 - 1703*i**3. Give u(f).
5
Let t = 37 + -42. Let s(o) = 16*o**3 + o**2 - 6*o - 1. Let r(j) = -7*j**3 - j**2 + 3*j. Let x(b) = 7*r(b) + 3*s(b). Give x(t).
7
Let m(h) = h**3 - 9*h**2 + 2*h - 10. Suppose -4*g - 7 = -3, 0 = r - 2*g - 9. Suppose r*v = -v + 80. Suppose -54 = -v*a + 4*a. Give m(a).
8
Let p(j) = 3*j**2 - 4*j - 42. Let f be p(5). Suppose 3 - f = 10*m